{"id":1029,"date":"2014-05-06T16:38:17","date_gmt":"2014-05-06T14:38:17","guid":{"rendered":"http:\/\/www.bielefelder-baeume.de\/?page_id=1029"},"modified":"2022-03-31T15:39:20","modified_gmt":"2022-03-31T13:39:20","slug":"touren-und-veranstaltungen-seit-2009","status":"publish","type":"page","link":"https:\/\/www.bielefelder-baeume.de\/?page_id=1029","title":{"rendered":"Touren und Events seit 2010"},"content":{"rendered":"<p><strong>So, 7. Juli 2013, 10.30 Uhr: Radtour zu sch\u00f6nen B\u00e4umen in Bielefeld und Bielefeld-Ost<\/strong><\/p>\n<p>Im Rahmen des&nbsp;<a href=\"http:\/\/www.bielefeld.de\/de\/un\/kli\/mot\/stadtradeln\/\">Bielefelder Stadtradelns<\/a>&nbsp;laden wir zu einer Radtour ein. Sie beginnt an der&nbsp;<a href=\"http:\/\/www.bielefelder-baeume.de\/?p=187\">Kastanie im Kunsthallenpark<\/a>, f\u00fchrt \u00fcber die&nbsp;<a href=\"http:\/\/www.bielefelder-baeume.de\/?p=533\">Friedenslinde<\/a>&nbsp;(Neust\u00e4dter Marienkirche, dickster Baum von Bielefeld), die&nbsp;<a href=\"http:\/\/www.bielefelder-baeume.de\/?p=233\">Platane am Niederwall<\/a>, die&nbsp;<a href=\"http:\/\/www.bielefelder-baeume.de\/?p=249\">H\u00e4ngebuche im Ravensberger Park<\/a>, die gef\u00e4hrdete&nbsp;<a href=\"http:\/\/www.bielefelder-baeume.de\/?p=37\">Kirschbaumallee Auf dem Langen Kampe<\/a>, die gef\u00e4hrdete&nbsp;<a href=\"http:\/\/www.bielefelder-baeume.de\/?p=397\">Platanenallee Ravensberger Stra\u00dfe<\/a>&nbsp;und weitere sch\u00f6ne B\u00e4ume im Bielefelder Osten und in Heepen. H\u00f6hepunkt wird die dicke Eiche im&nbsp;<a href=\"http:\/\/www.eckendorf.de\/der_park.html\">Gutspark Eckendorf&nbsp;<\/a>(Leopoldsh\u00f6he) sein, der dickste Baum des Kreises Lippe. Der Gutspark hat noch weitere sch\u00f6ne B\u00e4ume zu bieten. Gutsbesitzer Wolf von Dallwitz ist so freundlich, uns den Park zu \u00f6ffnen. Von dort aus fahren wir \u00fcber Br\u00f6nninghausen nach Oldentrup, sehen die sch\u00f6ne&nbsp;<a href=\"http:\/\/www.bielefelder-baeume.de\/?p=744\">Eiche von Oldentrup<\/a>&nbsp;(die in Wirklichkeit ganz knapp in Stieghorst steht) und k\u00f6nnen dann vom Bahnhof Oldentrup mit der Bahn zur\u00fcck zum Hauptbahnhof fahren.<\/p>\n<p>Die Strecke hat etwa 17 km und ist \u00fcberwiegend flach.<\/p>\n<p><strong>So, 2. Juni 2013, 10.30 Uhr,<\/strong>&nbsp;<strong>Alter Friedhof Jahnplatz (Friedrich-Verleger-Str.):<\/strong><br \/>\nStadtrundgang zu&nbsp;<a href=\"http:\/\/www.bielefelder-baeume.de\/?p=692\">18 besonders sch\u00f6nen B\u00e4umen in der Bielefelder Innenstadt<\/a>. Die Wanderung dauert ca. 2 Stunden und endet auf dem Johannisberg. Von dort ist in 10 Min. die Bushaltestelle Bauernhausmuseum (Linie 24), in 15 Min. die Stadtbahnhaltestelle Adenauerplatz (Linie 1) und die Bushaltestelle Kunsthalle erreichbar.<\/p>\n<p>&nbsp;<\/p>\n<p><strong>So, 5. Mai 2013: Unsere neunte Zeitreise&nbsp;zu ehrw\u00fcrdigen Baumveteranen im Sauerland<\/strong><br \/>\nWir besuchten knorrige Linden, malerische Eichen und genossen die wunderbare Fr\u00fchlingslandschaft des Sauerlandes.<br \/>\nBereits \u00fcber 350 Teilnehmer besuchten auf fr\u00fcheren Busfahrten ins Lipper Land, ins s\u00fcdliche Niedersachsen, in die hohe Mark, im Kreis Paderborn, im Emsland und zum Urwald Sababurg die h\u00f6lzernen Zeitzeugen der Vergangenheit.<br \/>\nUnsere neunte Tour f\u00fchrt in ins Sauerland, in den Raum zwischen Arnsberg und L\u00fcdenscheid.<br \/>\nF\u00fcr das Mittagsmahl war ein Picknick in Selbstversorgung vorgesehen, unterst\u00fctzt wurden wir aber auch wie gewohnt mit Backwaren der B\u00e4ckerei Christoph Kaupmann aus Senne. Ein herzliches Dankesch\u00f6n daf\u00fcr!<\/p>\n<p>Folgende Baumveteranen haben wir besucht:<\/p>\n<ul>\n<li>Die sch\u00f6ne Linde bei Erwitte (500 Jahre, 7,75 m Umfang)<\/li>\n<li>Die Trauben-Eiche im Arnsberger Eichholz (400-500 Jahre, \u00fcber 5 m Umfang)<\/li>\n<li>Walnuss im Kloster Oelinghausen (120-150 Jahre, \u00fcber 4 m Umfang)<\/li>\n<li><a href=\"http:\/\/www.neuenrade.de\/city_info\/webaccessibility\/index.cfm?region_id=51&amp;waid=23&amp;design_id=0&amp;item_id=835310&amp;link_id=213620083&amp;fsize=1\">Gerichtslinde in Neuenrade<\/a>&nbsp;(900 Jahre, \u00fcber 5 m Umfang)<\/li>\n<li><a href=\"http:\/\/de.wikipedia.org\/wiki\/Liste_der_dicksten_Eichen_in_Deutschland\">Tausendj\u00e4hrige Eiche bei H\u00fcinghausen<\/a>&nbsp;(600-800 Jahre, \u00fcber 8 m Umfang)<\/li>\n<li>Thinglinde neben der Auerochsweide Stilleking (600 Jahre, fast 9 m Umfang)<\/li>\n<\/ul>\n<p>&nbsp;<\/p>\n<p><strong>So, 03. Juni 2012, 14 Uhr, Alter Friedhof Jahnplatz (Friedrich-Verleger-Str.):&nbsp;<\/strong><br \/>\nDie sch\u00f6nsten B\u00e4ume von Bielefeld. Stadtrundgang zu 18 Bielefeld besonders sch\u00f6nen B\u00e4umen in der Bielefelder Innenstadt &#8211; im Rahmen der<a href=\"http:\/\/www.bielefeld.de\/de\/bz\/gad\/gad-va\/detailanzeigen.html?id=2011-11-29-10.07.07.506885&amp;DATUM=03.06.2012&amp;UHRVON=17:00&amp;UHRBIS=20:00\" target=\"_blank\" rel=\"noopener\">&nbsp;Sternwanderung am Tag der Artenvielfalt<\/a>. Die Wanderung dauert ca. 2 Stunden und endet auf dem Johannisberg.<\/p>\n<p><strong>Busexkursion am Sonntag, dem 22. April 2012, zu B\u00e4umen&nbsp;auf der&nbsp;Paderborner Hochfl\u00e4che, dem Rande des&nbsp;Eggegebirges&nbsp;und der&nbsp;Soester B\u00f6rde:<\/strong><\/p>\n<ul>\n<li>Eine urw\u00fcchsige Flatterulme von 4,30 m Umfang und ein Feldahorn (140-200 Jahre, 5,80 m) in Paderborn-Marienloh<\/li>\n<li>Die knorrige Bilderstock-Linde in Paderborn-Elsen (7,60 m Umfang)<\/li>\n<li>Das Baumensemble um&nbsp;<a href=\"http:\/\/www.lwl.org\/LWL\/Kultur\/kloster-dalheim\/museum\/landesmuseum-fuer-klosterkultur\" rel=\"friend\">Kloster Dalheim<\/a>: der Alteichenhain, die Huser Linde (400 Jahre, 8,88 m), die Wucher-Eiche (400 Jahre, 7,00 m), die Wieseneiche im Apfelbaumgrund (300 Jahre, 4,60 m)<\/li>\n<li>Die \u201eSieben-Fenster\u201c-Hainbuche im&nbsp;<a href=\"http:\/\/www.siddinghausen-online.de\/1st-page.html\" rel=\"friend\">Golddorf Siddinghausen&nbsp;<\/a>(180-250 Jahre, Taille 4,60 m)<\/li>\n<\/ul>\n<p>Weitere Informationen im&nbsp;<a href=\"http:\/\/www.korfftext.de\/denkmalbaum\/Zeitreise_Paderborner-Land2012.doc.pdf\" target=\"_blank\" rel=\"me noopener\">Anhang<\/a>.<\/p>\n<p>&nbsp;<\/p>\n<p><strong><\/strong><strong>So, 17. Juli 2011: Einweihung des Parks und Festplatzes Johannisberg<\/strong><\/p>\n<p>Die Stadt&nbsp;<a href=\"http:\/\/www.bielefeld.de\/de\/kf\/veranstaltungen\/kalender\/detailanzeigen.html?id=2011-03-22-09.45.53.663405&amp;DATUM=17.07.2011&amp;UHRVON=11:00&amp;UHRBIS=18:00\">feiert ihren wiederhergestellten Landschaftspark auf dem Johannisberg<\/a>&nbsp;mit seinen atemberaubenden Durchblicken auf die Altstadt und den Bielefelder Pass. Die Gruppe &#8222;Denk mal Baum&#8220; ist mit einem Stand vertreten. Dort l\u00e4uft unser &#8222;B\u00e4ume-Pr\u00e4sentator&#8220;, der die sch\u00f6nsten Fotos aus dieser Website zeigt. Voraussichtlich um 14 Uhr starten wir zu einer gut einst\u00fcndigen Rundwanderung zu einigen der sch\u00f6nsten B\u00e4ume des Johannisbergs und der Bielefelder Altstadt. Die geplante Route mit ihren Zielen sehen Sie unten: &#8222;Bielefelder B\u00e4ume auf Google Maps&#8220;.<\/p>\n<p><a title=\"Eiche Sababurg\" href=\"http:\/\/www.bielefelder-baeume.de\/wp-content\/uploads\/2011\/05\/sababurw1180486.jpg\"><img alt=\"Eiche Sababurg\" src=\"http:\/\/www.bielefelder-baeume.de\/wp-content\/uploads\/2011\/05\/sababurw1180486.thumbnail.jpg\"\/><\/a>&nbsp;&nbsp;<em>Eiche im Urwald Sababurg (Foto:&nbsp;<a title=\"User:Szent Istv\u00e1n\" href=\"http:\/\/commons.wikimedia.org\/wiki\/User:Szent_Istv%C3%A1n\">Szent Istv\u00e1n,<\/a>&nbsp;Wikimedia Commons)<\/em><\/p>\n<p>&nbsp;<\/p>\n<p><strong>Exkursion zum&nbsp;<a href=\"http:\/\/de.wikipedia.org\/wiki\/Urwald_Sababurg\">Urwald Sababurg<\/a>&nbsp;am So, 15. Mai 2011, und am So, 11. September 2011<br \/>\n<\/strong><\/p>\n<p>Wegen des gro\u00dfen Erfolgs wurde die vierte Zeitreise der Gruppe &#8222;Denk mal Baum&#8220; wiederholt: Sie f\u00fchrt zum faszinierenden Urwald am sog. Dornr\u00f6schenschloss Sababurg im nordhessischen Reinhardswald. Abfahrt 8 Uhr am Kesselbrink in Bielefeld, R\u00fcckkehr gegen 17.30 Uhr.<\/p>\n<p>&nbsp;<\/p>\n<p><strong>Bus-Exkursion zur \u00fcber 1000j\u00e4hrigen&nbsp;<a title=\"Heimatforscher \u00fcber die Femeiche von Erle\" href=\"http:\/\/www.kleerbaum.de\/dorf-erle\/de-femeiche.htm\">Femeiche<\/a>&nbsp;von&nbsp;<a title=\"Wikipedia: Erle (Raesfeld)\" href=\"http:\/\/de.wikipedia.org\/wiki\/Erle_(Raesfeld)\">Erle bei Raesfeld<\/a><\/strong>&nbsp;(<a href=\"http:\/\/maps.google.de\/maps?f=q&amp;source=s_q&amp;hl=de&amp;geocode=&amp;q=Raesfeld-Erle,+Freienstuhl+10&amp;sll=51.745433,6.860425&amp;sspn=0.003441,0.007896&amp;ie=UTF8&amp;hq=&amp;hnear=Freienstuhl+10,+Erle+46348+Raesfeld,+Borken,+Nordrhein-Westfalen&amp;ll=51.745851,6.863086&amp;spn=0.003441,0.007896&amp;t=h&amp;z=17\" target=\"_blank\" rel=\"noopener\">Google Maps)<strong><br \/>\n<\/strong><\/a><\/p>\n<p><em>und anderen Baumveteranen im s\u00fcdlichen M\u00fcnsterland (Hohe Mark)<\/em><\/p>\n<p>Am Sonntag, 25. April 2010, waren wieder \u00fcber 40 Baumfreundinnen und Baumfreunde aus Bielefeld und Umgebung, darunter sechs aus dem Kreis Minden-L\u00fcbbecke, dabei, als wir einigen Baumveteranen einen Besuch abgestattet haben: dem Schlosspark von Lembeck mit mehreren interessanten Exoten, zwei Esskastanien vor der Michaeliskapelle in Lembeck, der ber\u00fchmten Fem-Eiche und einer urigen Esskastanienallee in Erle bei Raesfeld, einer alten Flatterulme in Homer bei Hamminkeln, einer ungew\u00f6hnlich gro\u00dfen Eibe bei Dingden und drei riesigen alten Esskastanien auf der Kesseldorfer Wiese bei Dingden.<\/p>\n<p><a href=\"http:\/\/vorort.bund.net\/bielefeld\/prespi\/Baum-Exkursion_2010-04.pdf\" target=\"_blank\" rel=\"noopener\">Pressemeldung &#8222;Fr\u00fchlings-Zeitreise&#8220; mit Details&nbsp; als PDF<\/a><\/p>\n<p><a href=\"http:\/\/mt-online.de\/lokales\/minden\/3554938_Baumsenioren_besucht.html\">Bericht im Mindener Tageblatt, 19.5.2010<\/a><\/p>\n<p>&nbsp;<\/p>\n<p><strong>Die Initiative &#8222;Denk mal Baum&#8220;<\/strong><\/p>\n<p>traf sich 2010 in der Regel am 4. Mittwoch des Monats um 18.30 Uhr im&nbsp;<a href=\"http:\/\/umweltzentrum-bielefeld.de\/kontakt.html\">Umweltzentrum Bielefeld<\/a>&nbsp;(August-Bebel-Str. 16-18) oder beim&nbsp;<a href=\"http:\/\/www.nwv-bielefeld.de\/verein\/index.html\">Naturwissenschaftlichen Verein f\u00fcr Bielefeld und Umgegend<\/a>&nbsp;(Kreuzstr. 38, am Adenauerplatz).<\/p>\n<p><strong>&nbsp;<\/strong><\/p>\n","protected":false},"excerpt":{"rendered":"<p>So, 7. Juli 2013, 10.30 Uhr: Radtour zu sch\u00f6nen B\u00e4umen in Bielefeld und Bielefeld-Ost Im Rahmen des&nbsp;Bielefelder Stadtradelns&nbsp;laden wir zu einer Radtour ein. Sie beginnt an der&nbsp;Kastanie im Kunsthallenpark, f\u00fchrt \u00fcber die&nbsp;Friedenslinde&nbsp;(Neust\u00e4dter Marienkirche, dickster Baum von Bielefeld), die&nbsp;Platane am Niederwall, die&nbsp;H\u00e4ngebuche im Ravensberger Park, die gef\u00e4hrdete&nbsp;Kirschbaumallee Auf dem Langen Kampe, die gef\u00e4hrdete&nbsp;Platanenallee Ravensberger Stra\u00dfe&nbsp;und weitere [&hellip;]<\/p>\n","protected":false},"author":2,"featured_media":0,"parent":15,"menu_order":4,"comment_status":"open","ping_status":"open","template":"","meta":[],"_links":{"self":[{"href":"https:\/\/www.bielefelder-baeume.de\/index.php?rest_route=\/wp\/v2\/pages\/1029"}],"collection":[{"href":"https:\/\/www.bielefelder-baeume.de\/index.php?rest_route=\/wp\/v2\/pages"}],"about":[{"href":"https:\/\/www.bielefelder-baeume.de\/index.php?rest_route=\/wp\/v2\/types\/page"}],"author":[{"embeddable":true,"href":"https:\/\/www.bielefelder-baeume.de\/index.php?rest_route=\/wp\/v2\/users\/2"}],"replies":[{"embeddable":true,"href":"https:\/\/www.bielefelder-baeume.de\/index.php?rest_route=%2Fwp%2Fv2%2Fcomments&post=1029"}],"version-history":[{"count":7,"href":"https:\/\/www.bielefelder-baeume.de\/index.php?rest_route=\/wp\/v2\/pages\/1029\/revisions"}],"predecessor-version":[{"id":2331,"href":"https:\/\/www.bielefelder-baeume.de\/index.php?rest_route=\/wp\/v2\/pages\/1029\/revisions\/2331"}],"up":[{"embeddable":true,"href":"https:\/\/www.bielefelder-baeume.de\/index.php?rest_route=\/wp\/v2\/pages\/15"}],"wp:attachment":[{"href":"https:\/\/www.bielefelder-baeume.de\/index.php?rest_route=%2Fwp%2Fv2%2Fmedia&parent=1029"}],"curies":[{"name":"wp","href":"https:\/\/api.w.org\/{rel}","templated":true}]}}

<p><strong>So, 7. Juli 2013, 10.30 Uhr: Radtour zu schönen Bäumen in Bielefeld und Bielefeld-Ost</strong></p>
<p>Im Rahmen des&nbsp;<a href="http://www.bielefeld.de/de/un/kli/mot/stadtradeln/">Bielefelder Stadtradelns</a>&nbsp;laden wir zu einer Radtour ein. Sie beginnt an der&nbsp;<a href="http://www.bielefelder-baeume.de/?p=187">Kastanie im Kunsthallenpark</a>, führt über die&nbsp;<a href="http://www.bielefelder-baeume.de/?p=533">Friedenslinde</a>&nbsp;(Neustädter Marienkirche, dickster Baum von Bielefeld), die&nbsp;<a href="http://www.bielefelder-baeume.de/?p=233">Platane am Niederwall</a>, die&nbsp;<a href="http://www.bielefelder-baeume.de/?p=249">Hängebuche im Ravensberger Park</a>, die gefährdete&nbsp;<a href="http://www.bielefelder-baeume.de/?p=37">Kirschbaumallee Auf dem Langen Kampe</a>, die gefährdete&nbsp;<a href="http://www.bielefelder-baeume.de/?p=397">Platanenallee Ravensberger Straße</a>&nbsp;und weitere schöne Bäume im Bielefelder Osten und in Heepen. Höhepunkt wird die dicke Eiche im&nbsp;<a href="http://www.eckendorf.de/der_park.html">Gutspark Eckendorf&nbsp;</a>(Leopoldshöhe) sein, der dickste Baum des Kreises Lippe. Der Gutspark hat noch weitere schöne Bäume zu bieten. Gutsbesitzer Wolf von Dallwitz ist so freundlich, uns den Park zu öffnen. Von dort aus fahren wir über Brönninghausen nach Oldentrup, sehen die schöne&nbsp;<a href="http://www.bielefelder-baeume.de/?p=744">Eiche von Oldentrup</a>&nbsp;(die in Wirklichkeit ganz knapp in Stieghorst steht) und können dann vom Bahnhof Oldentrup mit der Bahn zurück zum Hauptbahnhof fahren.</p>
<p>Die Strecke hat etwa 17 km und ist überwiegend flach.</p>
<p><strong>So, 2. Juni 2013, 10.30 Uhr,</strong>&nbsp;<strong>Alter Friedhof Jahnplatz (Friedrich-Verleger-Str.):</strong><br />
Stadtrundgang zu&nbsp;<a href="http://www.bielefelder-baeume.de/?p=692">18 besonders schönen Bäumen in der Bielefelder Innenstadt</a>. Die Wanderung dauert ca. 2 Stunden und endet auf dem Johannisberg. Von dort ist in 10 Min. die Bushaltestelle Bauernhausmuseum (Linie 24), in 15 Min. die Stadtbahnhaltestelle Adenauerplatz (Linie 1) und die Bushaltestelle Kunsthalle erreichbar.</p>
<p>&nbsp;</p>
<p><strong>So, 5. Mai 2013: Unsere neunte Zeitreise&nbsp;zu ehrwürdigen Baumveteranen im Sauerland</strong><br />
Wir besuchten knorrige Linden, malerische Eichen und genossen die wunderbare Frühlingslandschaft des Sauerlandes.<br />
Bereits über 350 Teilnehmer besuchten auf früheren Busfahrten ins Lipper Land, ins südliche Niedersachsen, in die hohe Mark, im Kreis Paderborn, im Emsland und zum Urwald Sababurg die hölzernen Zeitzeugen der Vergangenheit.<br />
Unsere neunte Tour führt in ins Sauerland, in den Raum zwischen Arnsberg und Lüdenscheid.<br />
Für das Mittagsmahl war ein Picknick in Selbstversorgung vorgesehen, unterstützt wurden wir aber auch wie gewohnt mit Backwaren der Bäckerei Christoph Kaupmann aus Senne. Ein herzliches Dankeschön dafür!</p>
<p>Folgende Baumveteranen haben wir besucht:</p>
<ul>
<li>Die schöne Linde bei Erwitte (500 Jahre, 7,75 m Umfang)</li>
<li>Die Trauben-Eiche im Arnsberger Eichholz (400-500 Jahre, über 5 m Umfang)</li>
<li>Walnuss im Kloster Oelinghausen (120-150 Jahre, über 4 m Umfang)</li>
<li><a href="http://www.neuenrade.de/city_info/webaccessibility/index.cfm?region_id=51&amp;waid=23&amp;design_id=0&amp;item_id=835310&amp;link_id=213620083&amp;fsize=1">Gerichtslinde in Neuenrade</a>&nbsp;(900 Jahre, über 5 m Umfang)</li>
<li><a href="http://de.wikipedia.org/wiki/Liste_der_dicksten_Eichen_in_Deutschland">Tausendjährige Eiche bei Hüinghausen</a>&nbsp;(600-800 Jahre, über 8 m Umfang)</li>
<li>Thinglinde neben der Auerochsweide Stilleking (600 Jahre, fast 9 m Umfang)</li>
</ul>
<p>&nbsp;</p>
<p><strong>So, 03. Juni 2012, 14 Uhr, Alter Friedhof Jahnplatz (Friedrich-Verleger-Str.):&nbsp;</strong><br />
Die schönsten Bäume von Bielefeld. Stadtrundgang zu 18 Bielefeld besonders schönen Bäumen in der Bielefelder Innenstadt &#8211; im Rahmen der<a href="http://www.bielefeld.de/de/bz/gad/gad-va/detailanzeigen.html?id=2011-11-29-10.07.07.506885&amp;DATUM=03.06.2012&amp;UHRVON=17:00&amp;UHRBIS=20:00" target="_blank" rel="noopener">&nbsp;Sternwanderung am Tag der Artenvielfalt</a>. Die Wanderung dauert ca. 2 Stunden und endet auf dem Johannisberg.</p>
<p><strong>Busexkursion am Sonntag, dem 22. April 2012, zu Bäumen&nbsp;auf der&nbsp;Paderborner Hochfläche, dem Rande des&nbsp;Eggegebirges&nbsp;und der&nbsp;Soester Börde:</strong></p>
<ul>
<li>Eine urwüchsige Flatterulme von 4,30 m Umfang und ein Feldahorn (140-200 Jahre, 5,80 m) in Paderborn-Marienloh</li>
<li>Die knorrige Bilderstock-Linde in Paderborn-Elsen (7,60 m Umfang)</li>
<li>Das Baumensemble um&nbsp;<a href="http://www.lwl.org/LWL/Kultur/kloster-dalheim/museum/landesmuseum-fuer-klosterkultur" rel="friend">Kloster Dalheim</a>: der Alteichenhain, die Huser Linde (400 Jahre, 8,88 m), die Wucher-Eiche (400 Jahre, 7,00 m), die Wieseneiche im Apfelbaumgrund (300 Jahre, 4,60 m)</li>
<li>Die „Sieben-Fenster“-Hainbuche im&nbsp;<a href="http://www.siddinghausen-online.de/1st-page.html" rel="friend">Golddorf Siddinghausen&nbsp;</a>(180-250 Jahre, Taille 4,60 m)</li>
</ul>
<p>Weitere Informationen im&nbsp;<a href="http://www.korfftext.de/denkmalbaum/Zeitreise_Paderborner-Land2012.doc.pdf" target="_blank" rel="me noopener">Anhang</a>.</p>
<p>&nbsp;</p>
<p><strong></strong><strong>So, 17. Juli 2011: Einweihung des Parks und Festplatzes Johannisberg</strong></p>
<p>Die Stadt&nbsp;<a href="http://www.bielefeld.de/de/kf/veranstaltungen/kalender/detailanzeigen.html?id=2011-03-22-09.45.53.663405&amp;DATUM=17.07.2011&amp;UHRVON=11:00&amp;UHRBIS=18:00">feiert ihren wiederhergestellten Landschaftspark auf dem Johannisberg</a>&nbsp;mit seinen atemberaubenden Durchblicken auf die Altstadt und den Bielefelder Pass. Die Gruppe &#8222;Denk mal Baum&#8220; ist mit einem Stand vertreten. Dort läuft unser &#8222;Bäume-Präsentator&#8220;, der die schönsten Fotos aus dieser Website zeigt. Voraussichtlich um 14 Uhr starten wir zu einer gut einstündigen Rundwanderung zu einigen der schönsten Bäume des Johannisbergs und der Bielefelder Altstadt. Die geplante Route mit ihren Zielen sehen Sie unten: &#8222;Bielefelder Bäume auf Google Maps&#8220;.</p>
<p><a title="Eiche Sababurg" href="http://www.bielefelder-baeume.de/wp-content/uploads/2011/05/sababurw1180486.jpg"><img alt="Eiche Sababurg" src="http://www.bielefelder-baeume.de/wp-content/uploads/2011/05/sababurw1180486.thumbnail.jpg"/></a>&nbsp;&nbsp;<em>Eiche im Urwald Sababurg (Foto:&nbsp;<a title="User:Szent István" href="http://commons.wikimedia.org/wiki/User:Szent_Istv%C3%A1n">Szent István,</a>&nbsp;Wikimedia Commons)</em></p>
<p>&nbsp;</p>
<p><strong>Exkursion zum&nbsp;<a href="http://de.wikipedia.org/wiki/Urwald_Sababurg">Urwald Sababurg</a>&nbsp;am So, 15. Mai 2011, und am So, 11. September 2011<br />
</strong></p>
<p>Wegen des großen Erfolgs wurde die vierte Zeitreise der Gruppe &#8222;Denk mal Baum&#8220; wiederholt: Sie führt zum faszinierenden Urwald am sog. Dornröschenschloss Sababurg im nordhessischen Reinhardswald. Abfahrt 8 Uhr am Kesselbrink in Bielefeld, Rückkehr gegen 17.30 Uhr.</p>
<p>&nbsp;</p>
<p><strong>Bus-Exkursion zur über 1000jährigen&nbsp;<a title="Heimatforscher über die Femeiche von Erle" href="http://www.kleerbaum.de/dorf-erle/de-femeiche.htm">Femeiche</a>&nbsp;von&nbsp;<a title="Wikipedia: Erle (Raesfeld)" href="http://de.wikipedia.org/wiki/Erle_(Raesfeld)">Erle bei Raesfeld</a></strong>&nbsp;(<a href="http://maps.google.de/maps?f=q&amp;source=s_q&amp;hl=de&amp;geocode=&amp;q=Raesfeld-Erle,+Freienstuhl+10&amp;sll=51.745433,6.860425&amp;sspn=0.003441,0.007896&amp;ie=UTF8&amp;hq=&amp;hnear=Freienstuhl+10,+Erle+46348+Raesfeld,+Borken,+Nordrhein-Westfalen&amp;ll=51.745851,6.863086&amp;spn=0.003441,0.007896&amp;t=h&amp;z=17" target="_blank" rel="noopener">Google Maps)<strong><br />
</strong></a></p>
<p><em>und anderen Baumveteranen im südlichen Münsterland (Hohe Mark)</em></p>
<p>Am Sonntag, 25. April 2010, waren wieder über 40 Baumfreundinnen und Baumfreunde aus Bielefeld und Umgebung, darunter sechs aus dem Kreis Minden-Lübbecke, dabei, als wir einigen Baumveteranen einen Besuch abgestattet haben: dem Schlosspark von Lembeck mit mehreren interessanten Exoten, zwei Esskastanien vor der Michaeliskapelle in Lembeck, der berühmten Fem-Eiche und einer urigen Esskastanienallee in Erle bei Raesfeld, einer alten Flatterulme in Homer bei Hamminkeln, einer ungewöhnlich großen Eibe bei Dingden und drei riesigen alten Esskastanien auf der Kesseldorfer Wiese bei Dingden.</p>
<p><a href="http://vorort.bund.net/bielefeld/prespi/Baum-Exkursion_2010-04.pdf" target="_blank" rel="noopener">Pressemeldung &#8222;Frühlings-Zeitreise&#8220; mit Details&nbsp; als PDF</a></p>
<p><a href="http://mt-online.de/lokales/minden/3554938_Baumsenioren_besucht.html">Bericht im Mindener Tageblatt, 19.5.2010</a></p>
<p>&nbsp;</p>
<p><strong>Die Initiative &#8222;Denk mal Baum&#8220;</strong></p>
<p>traf sich 2010 in der Regel am 4. Mittwoch des Monats um 18.30 Uhr im&nbsp;<a href="http://umweltzentrum-bielefeld.de/kontakt.html">Umweltzentrum Bielefeld</a>&nbsp;(August-Bebel-Str. 16-18) oder beim&nbsp;<a href="http://www.nwv-bielefeld.de/verein/index.html">Naturwissenschaftlichen Verein für Bielefeld und Umgegend</a>&nbsp;(Kreuzstr. 38, am Adenauerplatz).</p>
<p><strong>&nbsp;</strong></p>

<p>So, 7. Juli 2013, 10.30 Uhr: Radtour zu schönen Bäumen in Bielefeld und Bielefeld-Ost Im Rahmen des&nbsp;Bielefelder Stadtradelns&nbsp;laden wir zu einer Radtour ein. Sie beginnt an der&nbsp;Kastanie im Kunsthallenpark, führt über die&nbsp;Friedenslinde&nbsp;(Neustädter Marienkirche, dickster Baum von Bielefeld), die&nbsp;Platane am Niederwall, die&nbsp;Hängebuche im Ravensberger Park, die gefährdete&nbsp;Kirschbaumallee Auf dem Langen Kampe, die gefährdete&nbsp;Platanenallee Ravensberger Straße&nbsp;und weitere [&hellip;]</p>
