{"id":15,"date":"2007-07-05T11:21:11","date_gmt":"2007-07-05T09:21:11","guid":{"rendered":"http:\/\/bielefelder-baeume.marcant.net\/?page_id=15"},"modified":"2022-03-31T15:38:16","modified_gmt":"2022-03-31T13:38:16","slug":"die-aktion","status":"publish","type":"page","link":"https:\/\/www.bielefelder-baeume.de\/?page_id=15","title":{"rendered":"Die Aktion"},"content":{"rendered":"<p><strong>L\u00e4stig oder wertvoll? Bielefelder B\u00e4ume<\/strong><\/p>\n<p class=\"MsoNormal\"><strong><span style=\"font-family: Arial;\">Vilsendorf, M\u00e4rz 2006:<\/span><\/strong> Am Hasenpatt, im <a title=\"Bielefelder Naturschutzgebiete\" href=\"http:\/\/www.bielefeld.de\/de\/un\/nala\/landpl\/naschu\/\">Naturschutzgebiet Moorbachtal<\/a>, fehlten pl\u00f6tzlich zwei sch\u00f6ne Eichen. Das Pferd auf der Weide, die Wanderer auf dem Hasenpatt verloren einen vertrauten Schattenspender; zahlreiche V\u00f6gel verloren ihr Revier; Liebhaber des <a title=\"Biostation Gt-Bi \u00fcber das Ravensberger H\u00fcgelland\" href=\"http:\/\/www.biostation-gt-bi.de\/artenschutz\/html\/a-ravensberger-huegelland.html\">Ravensberger H\u00fcgellandes<\/a> verloren eine anmutige Aussicht.<\/p>\n<p class=\"MsoNormal\"><a title=\"Vilsendorf Hasenpatt 1\" href=\"http:\/\/www.bielefelder-baeume.de\/wp-content\/uploads\/2007\/08\/s7000733.thumbnail.JPG\"><img alt=\"Vilsendorf Hasenpatt 1\" src=\"http:\/\/www.bielefelder-baeume.de\/wp-content\/uploads\/2007\/08\/s7000733.thumbnail.JPG\"\/><\/a> <a title=\"Vilsendorf Hasenpatt 2\" href=\"http:\/\/www.bielefelder-baeume.de\/wp-content\/uploads\/2007\/08\/s7000735.JPG\"><img alt=\"Vilsendorf Hasenpatt 2\" src=\"http:\/\/www.bielefelder-baeume.de\/wp-content\/uploads\/2007\/08\/s7000735.thumbnail.JPG\"\/><\/a><\/p>\n<p class=\"MsoNormal\"><em>Am Hasenpatt unterhalb von Vilsendorf fehlen seit 2006 drei Eichen, die den h\u00e4sslichen Rand des Neubaugebietes gn\u00e4dig verdeckten. Fotos: Korff<\/em><\/p>\n<p class=\"MsoNormal\"><strong><span style=\"font-family: Arial;\">Rathaus, Juni 2006:<\/span><\/strong> Gerlinde Volland und Jens J\u00fcrgen Korff brachten den Fall vor den <a title=\"bielefeld.de: Landschaftsbeirat\" href=\"http:\/\/www.bielefeld.de\/de\/un\/nala\/beirat\/\">Landschaftsbeirat<\/a> der Stadt Bielefeld. Das <a title=\"bielefeld.de: Umweltamt\" href=\"http:\/\/www.bielefeld.de\/de\/rv\/ds_stadtverwaltung\/umwa\/\">Umweltamt<\/a> ermittelte den Eigent\u00fcmer und verwarnte ihn, denn diese B\u00e4ume waren ausnahmsweise gesch\u00fctzt gewesen, da sie in einem <a title=\"Wikipedia: Naturschutzgebiet\" href=\"http:\/\/de.wikipedia.org\/wiki\/Naturschutzgebiet\">Naturschutzgebiet<\/a> standen. Korff regte an, gemeinsam mit den Vertretern der Landwirtschaft im Beirat und dem Teutoburger-Wald-Verein an alle Bielefelder Landwirte heranzutreten, die wertvolle B\u00e4ume im <a title=\"Wikipedia: Landschaftsschutzgebiet\" href=\"http:\/\/de.wikipedia.org\/wiki\/Landschaftsschutzgebiet\">Landschaftsschutzgebiet<\/a> und speziell am Rand von Wanderwegen besitzen. Wie k\u00f6nnte man sie am besten auf den Wert aufmerksam machen, den diese B\u00e4ume f\u00fcr viele Menschen haben? Die Frage blieb zun\u00e4chst offen.<\/p>\n<p class=\"MsoNormal\"><strong>Babenhausen, Januar 2007: <\/strong>Acht ehrw\u00fcrdige Eichen an der Babenhauser Stra\u00dfe zwischen \u00bbD\u00f6nekes\u00ab und Andreaskirche wurden im Januar 2007, kurz vor dem Orkan, gef\u00e4llt, weil sie die Neubaupl\u00e4ne der Grundbesitzer erschwert h\u00e4tten. Umweltamt und Bezirksvertretung hatten vergeblich versucht, in Verhandlungen mit den Besitzern die B\u00e4ume zu retten.<\/p>\n<p class=\"MsoNormal\"><a title=\"Babenhausen F\u00e4llaktion NW\" href=\"http:\/\/www.bielefelder-baeume.de\/wp-content\/uploads\/2007\/08\/babenhausen-nw.jpg\"><img alt=\"Babenhausen F\u00e4llaktion NW\" src=\"http:\/\/www.bielefelder-baeume.de\/wp-content\/uploads\/2007\/08\/babenhausen-nw.thumbnail.jpg\"\/><\/a><\/p>\n<p class=\"MsoNormal\"><em>Januar 2007 wurden in Babenhausen acht wundersch\u00f6ne, gesunde Eichen gef\u00e4llt. Foto: Neue Westf\u00e4lische (Tetmeyer)<\/em><\/p>\n<p class=\"MsoNormal\"><strong>Rathaus, Februar 2007: <\/strong>Auf Initiative von Jens J. Korff und Prof. Dr. Roland Sossinka (BUND) beschloss der Landschaftsbeirat der Stadt Bielefeld nach kontroverser Debatte mehrheitlich eine Initiative zum Schutz heimatpr\u00e4gender B\u00e4ume: &#8222;Der Landschaftsbeirat bedauert sehr den verlust von acht landschaftspr\u00e4genden alten Eichen in Babenhausen, die offenbar ohne Abstimmung gef\u00e4llt worden sind. Mit solch ehrw\u00fcrdigen B\u00e4umen, die viele Jahrzehnte lang eine reizvolle Landschaft oder einen Stadtteil gepr\u00e4gt und lebenswert gemacht haben, geht immer auch ein St\u00fcck Heimat verloren&#8230; Eine Baumschutzsatzung w\u00fcrde die Bielefelder B\u00fcrger vor weiterem Verlust an Lebensqualit\u00e4t in dieser Stadt sch\u00fctzen&#8230;&#8220;<\/p>\n<p class=\"MsoNormal\"><strong>Bad Salzuflen, Mai 2007: <\/strong>Die Regionalgruppe Detmold des Bundes f\u00fcr Umwelt und Naturschutz Deutschland (BUND) beschloss auf Antrag der Kreisgruppe Bielefeld, die Aktion &#8222;Bielefelder B\u00e4ume&#8220; finanziell zu unterst\u00fctzen. Ziel der Aktion ist es, in der \u00d6ffentlichkeit ein st\u00e4rkeres Bewusstsein daf\u00fcr zu wecken, wie wertvoll stadt- und landschaftspr\u00e4gende B\u00e4ume sind. Die B\u00fcrger sollen die M\u00f6glichkeit bekommen, Fotos von ihren Lieblingsb\u00e4umen im Internet zu pr\u00e4sentieren. Wenn dennoch solche B\u00e4ume gef\u00e4llt werden, wie Anfang des Jahres in Babenhausen geschehen, soll jeweils eine kleine Fotoausstellung vor Ort an den Verlust erinnern.<\/p>\n","protected":false},"excerpt":{"rendered":"<p>L\u00e4stig oder wertvoll? Bielefelder B\u00e4ume Vilsendorf, M\u00e4rz 2006: Am Hasenpatt, im Naturschutzgebiet Moorbachtal, fehlten pl\u00f6tzlich zwei sch\u00f6ne Eichen. Das Pferd auf der Weide, die Wanderer auf dem Hasenpatt verloren einen vertrauten Schattenspender; zahlreiche V\u00f6gel verloren ihr Revier; Liebhaber des Ravensberger H\u00fcgellandes verloren eine anmutige Aussicht. Am Hasenpatt unterhalb von Vilsendorf fehlen seit 2006 drei Eichen, [&hellip;]<\/p>\n","protected":false},"author":1,"featured_media":0,"parent":0,"menu_order":1,"comment_status":"closed","ping_status":"closed","template":"","meta":[],"_links":{"self":[{"href":"https:\/\/www.bielefelder-baeume.de\/index.php?rest_route=\/wp\/v2\/pages\/15"}],"collection":[{"href":"https:\/\/www.bielefelder-baeume.de\/index.php?rest_route=\/wp\/v2\/pages"}],"about":[{"href":"https:\/\/www.bielefelder-baeume.de\/index.php?rest_route=\/wp\/v2\/types\/page"}],"author":[{"embeddable":true,"href":"https:\/\/www.bielefelder-baeume.de\/index.php?rest_route=\/wp\/v2\/users\/1"}],"replies":[{"embeddable":true,"href":"https:\/\/www.bielefelder-baeume.de\/index.php?rest_route=%2Fwp%2Fv2%2Fcomments&post=15"}],"version-history":[{"count":6,"href":"https:\/\/www.bielefelder-baeume.de\/index.php?rest_route=\/wp\/v2\/pages\/15\/revisions"}],"predecessor-version":[{"id":2328,"href":"https:\/\/www.bielefelder-baeume.de\/index.php?rest_route=\/wp\/v2\/pages\/15\/revisions\/2328"}],"wp:attachment":[{"href":"https:\/\/www.bielefelder-baeume.de\/index.php?rest_route=%2Fwp%2Fv2%2Fmedia&parent=15"}],"curies":[{"name":"wp","href":"https:\/\/api.w.org\/{rel}","templated":true}]}}

<p><strong>Lästig oder wertvoll? Bielefelder Bäume</strong></p>
<p class="MsoNormal"><strong><span style="font-family: Arial;">Vilsendorf, März 2006:</span></strong> Am Hasenpatt, im <a title="Bielefelder Naturschutzgebiete" href="http://www.bielefeld.de/de/un/nala/landpl/naschu/">Naturschutzgebiet Moorbachtal</a>, fehlten plötzlich zwei schöne Eichen. Das Pferd auf der Weide, die Wanderer auf dem Hasenpatt verloren einen vertrauten Schattenspender; zahlreiche Vögel verloren ihr Revier; Liebhaber des <a title="Biostation Gt-Bi über das Ravensberger Hügelland" href="http://www.biostation-gt-bi.de/artenschutz/html/a-ravensberger-huegelland.html">Ravensberger Hügellandes</a> verloren eine anmutige Aussicht.</p>
<p class="MsoNormal"><a title="Vilsendorf Hasenpatt 1" href="http://www.bielefelder-baeume.de/wp-content/uploads/2007/08/s7000733.thumbnail.JPG"><img alt="Vilsendorf Hasenpatt 1" src="http://www.bielefelder-baeume.de/wp-content/uploads/2007/08/s7000733.thumbnail.JPG"/></a> <a title="Vilsendorf Hasenpatt 2" href="http://www.bielefelder-baeume.de/wp-content/uploads/2007/08/s7000735.JPG"><img alt="Vilsendorf Hasenpatt 2" src="http://www.bielefelder-baeume.de/wp-content/uploads/2007/08/s7000735.thumbnail.JPG"/></a></p>
<p class="MsoNormal"><em>Am Hasenpatt unterhalb von Vilsendorf fehlen seit 2006 drei Eichen, die den hässlichen Rand des Neubaugebietes gnädig verdeckten. Fotos: Korff</em></p>
<p class="MsoNormal"><strong><span style="font-family: Arial;">Rathaus, Juni 2006:</span></strong> Gerlinde Volland und Jens Jürgen Korff brachten den Fall vor den <a title="bielefeld.de: Landschaftsbeirat" href="http://www.bielefeld.de/de/un/nala/beirat/">Landschaftsbeirat</a> der Stadt Bielefeld. Das <a title="bielefeld.de: Umweltamt" href="http://www.bielefeld.de/de/rv/ds_stadtverwaltung/umwa/">Umweltamt</a> ermittelte den Eigentümer und verwarnte ihn, denn diese Bäume waren ausnahmsweise geschützt gewesen, da sie in einem <a title="Wikipedia: Naturschutzgebiet" href="http://de.wikipedia.org/wiki/Naturschutzgebiet">Naturschutzgebiet</a> standen. Korff regte an, gemeinsam mit den Vertretern der Landwirtschaft im Beirat und dem Teutoburger-Wald-Verein an alle Bielefelder Landwirte heranzutreten, die wertvolle Bäume im <a title="Wikipedia: Landschaftsschutzgebiet" href="http://de.wikipedia.org/wiki/Landschaftsschutzgebiet">Landschaftsschutzgebiet</a> und speziell am Rand von Wanderwegen besitzen. Wie könnte man sie am besten auf den Wert aufmerksam machen, den diese Bäume für viele Menschen haben? Die Frage blieb zunächst offen.</p>
<p class="MsoNormal"><strong>Babenhausen, Januar 2007: </strong>Acht ehrwürdige Eichen an der Babenhauser Straße zwischen »Dönekes« und Andreaskirche wurden im Januar 2007, kurz vor dem Orkan, gefällt, weil sie die Neubaupläne der Grundbesitzer erschwert hätten. Umweltamt und Bezirksvertretung hatten vergeblich versucht, in Verhandlungen mit den Besitzern die Bäume zu retten.</p>
<p class="MsoNormal"><a title="Babenhausen Fällaktion NW" href="http://www.bielefelder-baeume.de/wp-content/uploads/2007/08/babenhausen-nw.jpg"><img alt="Babenhausen Fällaktion NW" src="http://www.bielefelder-baeume.de/wp-content/uploads/2007/08/babenhausen-nw.thumbnail.jpg"/></a></p>
<p class="MsoNormal"><em>Januar 2007 wurden in Babenhausen acht wunderschöne, gesunde Eichen gefällt. Foto: Neue Westfälische (Tetmeyer)</em></p>
<p class="MsoNormal"><strong>Rathaus, Februar 2007: </strong>Auf Initiative von Jens J. Korff und Prof. Dr. Roland Sossinka (BUND) beschloss der Landschaftsbeirat der Stadt Bielefeld nach kontroverser Debatte mehrheitlich eine Initiative zum Schutz heimatprägender Bäume: &#8222;Der Landschaftsbeirat bedauert sehr den verlust von acht landschaftsprägenden alten Eichen in Babenhausen, die offenbar ohne Abstimmung gefällt worden sind. Mit solch ehrwürdigen Bäumen, die viele Jahrzehnte lang eine reizvolle Landschaft oder einen Stadtteil geprägt und lebenswert gemacht haben, geht immer auch ein Stück Heimat verloren&#8230; Eine Baumschutzsatzung würde die Bielefelder Bürger vor weiterem Verlust an Lebensqualität in dieser Stadt schützen&#8230;&#8220;</p>
<p class="MsoNormal"><strong>Bad Salzuflen, Mai 2007: </strong>Die Regionalgruppe Detmold des Bundes für Umwelt und Naturschutz Deutschland (BUND) beschloss auf Antrag der Kreisgruppe Bielefeld, die Aktion &#8222;Bielefelder Bäume&#8220; finanziell zu unterstützen. Ziel der Aktion ist es, in der Öffentlichkeit ein stärkeres Bewusstsein dafür zu wecken, wie wertvoll stadt- und landschaftsprägende Bäume sind. Die Bürger sollen die Möglichkeit bekommen, Fotos von ihren Lieblingsbäumen im Internet zu präsentieren. Wenn dennoch solche Bäume gefällt werden, wie Anfang des Jahres in Babenhausen geschehen, soll jeweils eine kleine Fotoausstellung vor Ort an den Verlust erinnern.</p>

<p>Lästig oder wertvoll? Bielefelder Bäume Vilsendorf, März 2006: Am Hasenpatt, im Naturschutzgebiet Moorbachtal, fehlten plötzlich zwei schöne Eichen. Das Pferd auf der Weide, die Wanderer auf dem Hasenpatt verloren einen vertrauten Schattenspender; zahlreiche Vögel verloren ihr Revier; Liebhaber des Ravensberger Hügellandes verloren eine anmutige Aussicht. Am Hasenpatt unterhalb von Vilsendorf fehlen seit 2006 drei Eichen, [&hellip;]</p>
