{"id":17,"date":"2007-07-05T11:26:02","date_gmt":"2007-07-05T09:26:02","guid":{"rendered":"http:\/\/bielefelder-baeume.marcant.net\/?page_id=17"},"modified":"2022-03-31T15:39:05","modified_gmt":"2022-03-31T13:39:05","slug":"mitmachen","status":"publish","type":"page","link":"https:\/\/www.bielefelder-baeume.de\/?page_id=17","title":{"rendered":"Mitmachen"},"content":{"rendered":"<p><strong>Ihnen gef\u00e4llt diese Aktion? <\/strong><\/p>\n<p><strong>Dann machen Sie doch einfach mit! <\/strong>Zum Beispiel so:<\/p>\n<ul>\n<li><strong>Fotografieren<\/strong> Sie Ihre Lieblingsb\u00e4ume in Bielefeld (notfalls mit dem Handy) und melden Sie die B\u00e4ume hier an \u00fcber &#8222;<a href=\"http:\/\/www.bielefelder-baeume.de\/?page_id=9\">Baum melden<\/a>&#8222;.<\/li>\n<li>Wenn Sie hier einen Baum entdecken, in dessen Schatten Sie etwas erlebt haben, der Sie zu etwas angeregt hat, dann k\u00f6nnen Sie die <strong>Kommentarfunktion nutzen<\/strong>, um ihr Erlebnis mit dem Baum oder anderes Wissenswerte dort hineinzuschreiben. Klicken Sie dazu auf den Link &#8222;0 Kommentare&#8220; oder &#8222;1 Kommentar&#8220; unterhalb der Baummeldung. Um die Kommentarfunktion nutzen zu k\u00f6nnen, m\u00fcssen Sie sich zuvor unter &#8222;<a href=\"http:\/\/www.bielefelder-baeume.de\/wp-login.php?action=register\">Links: Registrieren<\/a>&#8220; registrieren und dann <a href=\"http:\/\/www.bielefelder-baeume.de\/wp-login.php\">anmelden<\/a> (einloggen). Leider etwas umst\u00e4ndlich, aber wir haben vorher zu viele M\u00fcll-Kommentare reingekriegt, die von irgendwelchen Maschinen automatisch erzeugt werden.<\/li>\n<li>Werden Sie <strong>Baumpate<\/strong> f\u00fcr einen Baum in Ihrer Stra\u00dfe! Wenn es ein st\u00e4dtischer Baum ist, vermittelt der <a href=\"http:\/\/www. umweltbetrieb-bielefeld.de\">Umweltbetrieb Bielefeld<\/a> solche Patenschaften (Kontakt: Jutta Dambrowski, Tel. 0521\/ 51 37 82). Bei anderen B\u00e4umen k\u00f6nnen Sie sich an uns wenden; wir versuchen, einen Kontakt mit dem Eigent\u00fcmer zu vermitteln.<\/li>\n<li>Sie kennen ein Mitglied des <strong>Bielefelder Stadtrats<\/strong> oder einer Bezirksvertretung pers\u00f6nlich? Zeigen Sie der Person diese Website und fragen Sie sie: Warum gibt es in Bielefeld keine Baumschutzsatzung?<\/li>\n<li>In Ihrem Viertel wurde k\u00fcrzlich ein <strong>sch\u00f6ner Baum gef\u00e4llt?<\/strong> Auch diesen gefallenen Baum k\u00f6nnen Sie hier als &#8222;Baum melden&#8220; (mit einem Foto des Platzes, auf dem er stand, und m\u00f6glichst einem \u00e4lteren Foto, das ihn zeigt, als er noch stand). Wir planen, in jedem solchen Fall eine kleine Foto-Ausstellung im jeweiligen Stadtteil durchzuf\u00fchren. Sprechen Sie uns an (per Telefon 05221\/ 699 9772 [korfftext] oder E-Mail <a href=\"mailto:service@bund-bielefeld.de\">service@bund-bielefeld.de<\/a>).<\/li>\n<li>Kommen Sie zur n\u00e4chsten Veranstaltung oder zum n\u00e4chsten <strong>Treffen der <a href=\"http:\/\/www.korfftext.de\/denkmalbaum\/index.htm\">Baumschutz-Initiative &#8222;Denk mal Baum&#8220;<\/a><\/strong>.<\/li>\n<\/ul>\n","protected":false},"excerpt":{"rendered":"<p>Ihnen gef\u00e4llt diese Aktion? Dann machen Sie doch einfach mit! Zum Beispiel so: Fotografieren Sie Ihre Lieblingsb\u00e4ume in Bielefeld (notfalls mit dem Handy) und melden Sie die B\u00e4ume hier an \u00fcber &#8222;Baum melden&#8222;. Wenn Sie hier einen Baum entdecken, in dessen Schatten Sie etwas erlebt haben, der Sie zu etwas angeregt hat, dann k\u00f6nnen Sie [&hellip;]<\/p>\n","protected":false},"author":1,"featured_media":0,"parent":15,"menu_order":3,"comment_status":"closed","ping_status":"closed","template":"","meta":[],"_links":{"self":[{"href":"https:\/\/www.bielefelder-baeume.de\/index.php?rest_route=\/wp\/v2\/pages\/17"}],"collection":[{"href":"https:\/\/www.bielefelder-baeume.de\/index.php?rest_route=\/wp\/v2\/pages"}],"about":[{"href":"https:\/\/www.bielefelder-baeume.de\/index.php?rest_route=\/wp\/v2\/types\/page"}],"author":[{"embeddable":true,"href":"https:\/\/www.bielefelder-baeume.de\/index.php?rest_route=\/wp\/v2\/users\/1"}],"replies":[{"embeddable":true,"href":"https:\/\/www.bielefelder-baeume.de\/index.php?rest_route=%2Fwp%2Fv2%2Fcomments&post=17"}],"version-history":[{"count":1,"href":"https:\/\/www.bielefelder-baeume.de\/index.php?rest_route=\/wp\/v2\/pages\/17\/revisions"}],"predecessor-version":[{"id":2330,"href":"https:\/\/www.bielefelder-baeume.de\/index.php?rest_route=\/wp\/v2\/pages\/17\/revisions\/2330"}],"up":[{"embeddable":true,"href":"https:\/\/www.bielefelder-baeume.de\/index.php?rest_route=\/wp\/v2\/pages\/15"}],"wp:attachment":[{"href":"https:\/\/www.bielefelder-baeume.de\/index.php?rest_route=%2Fwp%2Fv2%2Fmedia&parent=17"}],"curies":[{"name":"wp","href":"https:\/\/api.w.org\/{rel}","templated":true}]}}