{"id":18,"date":"2007-07-05T12:44:55","date_gmt":"2007-07-05T10:44:55","guid":{"rendered":"http:\/\/bielefelder-baeume.marcant.net\/?page_id=18"},"modified":"2023-05-17T18:23:17","modified_gmt":"2023-05-17T16:23:17","slug":"impressum","status":"publish","type":"page","link":"https:\/\/www.bielefelder-baeume.de\/?page_id=18","title":{"rendered":"Kontakt+Impressum"},"content":{"rendered":"<p>Die Kreisgruppe Bielefeld des Bund f\u00fcr Umwelt und<br \/>\nNaturschutz Deutschland e. V. (BUND) ist zu erreichen unter:<\/p>\n<p>BUND-Kreisgruppe Bielefeld<br \/>\nUmweltzentrum Bielefeld<br \/>\nAugust-Bebel-Stra\u00dfe 16-18<br \/>\n33602 Bielefeld<br \/>\n<a href=\"http:\/\/www.bund-bielefeld.de\">www.bund-bielefeld.de<\/a><\/p>\n<p>E-Mail: <a href=\"mailto:service@bund-bielefeld.de\">service@bund-bielefeld.de<\/a><\/p>\n<p><strong>Verantwortlich:<\/strong><br \/>\nAdalbert Niemeyer-L\u00fcllwitz<\/p>\n<p><span style=\"font-weight: bold;\">Konzeption und Webtext:<\/span><br \/>\n<a href=\"http:\/\/www.korfftext.de\" target=\"_blank\" rel=\"noopener\">korffTEXT<\/a> Jens J\u00fcrgen Korff,\u00a0Aachen<\/p>\n<p><span style=\"font-weight: bold;\">Konzeption, Webdesign, Programmierung:<\/span><br \/>\n<a href=\"https:\/\/2werken.de\/\">2Werken<\/a>, Bielefeld<\/p>\n<p><strong>Mit freundlicher Unterst\u00fctzung von<\/strong><br \/>\n<a href=\"http:\/\/www.marcant.net\">MARCANT Internet Services<\/a>, Bielefeld<br \/>\n<a href=\"http:\/\/www.teutoblicke.de\">Teutoblicke<\/a>, Bielefeld<br \/>\n<img loading=\"lazy\" src=\"http:\/\/vg07.met.vgwort.de\/na\/178219ff6ce3442284f7822b7008f0ed\" alt=\"\" width=\"1\" height=\"1\" \/><\/p>\n","protected":false},"excerpt":{"rendered":"<p>Die Kreisgruppe Bielefeld des Bund f\u00fcr Umwelt und Naturschutz Deutschland e. V. (BUND) ist zu erreichen unter: BUND-Kreisgruppe Bielefeld Umweltzentrum Bielefeld August-Bebel-Stra\u00dfe 16-18 33602 Bielefeld www.bund-bielefeld.de E-Mail: service@bund-bielefeld.de Verantwortlich: Adalbert Niemeyer-L\u00fcllwitz Konzeption und Webtext: korffTEXT Jens J\u00fcrgen Korff,\u00a0Aachen Konzeption, Webdesign, Programmierung: 2Werken, Bielefeld Mit freundlicher Unterst\u00fctzung von MARCANT Internet Services, Bielefeld Teutoblicke, Bielefeld<\/p>\n","protected":false},"author":1,"featured_media":0,"parent":0,"menu_order":0,"comment_status":"closed","ping_status":"closed","template":"","meta":[],"_links":{"self":[{"href":"https:\/\/www.bielefelder-baeume.de\/index.php?rest_route=\/wp\/v2\/pages\/18"}],"collection":[{"href":"https:\/\/www.bielefelder-baeume.de\/index.php?rest_route=\/wp\/v2\/pages"}],"about":[{"href":"https:\/\/www.bielefelder-baeume.de\/index.php?rest_route=\/wp\/v2\/types\/page"}],"author":[{"embeddable":true,"href":"https:\/\/www.bielefelder-baeume.de\/index.php?rest_route=\/wp\/v2\/users\/1"}],"replies":[{"embeddable":true,"href":"https:\/\/www.bielefelder-baeume.de\/index.php?rest_route=%2Fwp%2Fv2%2Fcomments&post=18"}],"version-history":[{"count":6,"href":"https:\/\/www.bielefelder-baeume.de\/index.php?rest_route=\/wp\/v2\/pages\/18\/revisions"}],"predecessor-version":[{"id":2363,"href":"https:\/\/www.bielefelder-baeume.de\/index.php?rest_route=\/wp\/v2\/pages\/18\/revisions\/2363"}],"wp:attachment":[{"href":"https:\/\/www.bielefelder-baeume.de\/index.php?rest_route=%2Fwp%2Fv2%2Fmedia&parent=18"}],"curies":[{"name":"wp","href":"https:\/\/api.w.org\/{rel}","templated":true}]}}

<p>Die Kreisgruppe Bielefeld des Bund für Umwelt und<br />
Naturschutz Deutschland e. V. (BUND) ist zu erreichen unter:</p>
<p>BUND-Kreisgruppe Bielefeld<br />
Umweltzentrum Bielefeld<br />
August-Bebel-Straße 16-18<br />
33602 Bielefeld<br />
<a href="http://www.bund-bielefeld.de">www.bund-bielefeld.de</a></p>
<p>E-Mail: <a href="mailto:service@bund-bielefeld.de">service@bund-bielefeld.de</a></p>
<p><strong>Verantwortlich:</strong><br />
Adalbert Niemeyer-Lüllwitz</p>
<p><span style="font-weight: bold;">Konzeption und Webtext:</span><br />
<a href="http://www.korfftext.de" target="_blank" rel="noopener">korffTEXT</a> Jens Jürgen Korff, Aachen</p>
<p><span style="font-weight: bold;">Konzeption, Webdesign, Programmierung:</span><br />
<a href="https://2werken.de/">2Werken</a>, Bielefeld</p>
<p><strong>Mit freundlicher Unterstützung von</strong><br />
<a href="http://www.marcant.net">MARCANT Internet Services</a>, Bielefeld<br />
<a href="http://www.teutoblicke.de">Teutoblicke</a>, Bielefeld<br />
<img loading="lazy" src="http://vg07.met.vgwort.de/na/178219ff6ce3442284f7822b7008f0ed" alt="" width="1" height="1" /></p>

<p>Die Kreisgruppe Bielefeld des Bund für Umwelt und Naturschutz Deutschland e. V. (BUND) ist zu erreichen unter: BUND-Kreisgruppe Bielefeld Umweltzentrum Bielefeld August-Bebel-Straße 16-18 33602 Bielefeld www.bund-bielefeld.de E-Mail: service@bund-bielefeld.de Verantwortlich: Adalbert Niemeyer-Lüllwitz Konzeption und Webtext: korffTEXT Jens Jürgen Korff, Aachen Konzeption, Webdesign, Programmierung: 2Werken, Bielefeld Mit freundlicher Unterstützung von MARCANT Internet Services, Bielefeld Teutoblicke, Bielefeld</p>
