{"id":2,"date":"2007-07-04T10:49:42","date_gmt":"2007-07-04T08:49:42","guid":{"rendered":""},"modified":"2011-10-07T14:57:33","modified_gmt":"2011-10-07T12:57:33","slug":"bund-ev","status":"publish","type":"page","link":"https:\/\/www.bielefelder-baeume.de\/?page_id=2","title":{"rendered":"Der BUND Bielefeld"},"content":{"rendered":"<p>\u00a0<a href=\"http:\/\/www.bielefelder-baeume.de\/wp-content\/uploads\/2011\/10\/logo-kurz.jpg\" title=\"BUND-Logo\"><img src=\"http:\/\/www.bielefelder-baeume.de\/wp-content\/uploads\/2011\/10\/logo-kurz.jpg\" alt=\"BUND-Logo\" \/><\/a><\/p>\n<p>Wir sind der <strong>&#8222;Bund f\u00fcr Umwelt und Naturschutz Deutschland e. V.&#8220;<a href=\"http:\/\/www.bund.net\/\" target=\"_blank\"> (BUND)<\/a><\/strong> und mit ca. 395.000 Mitgliedern     bundesweit einer der gr\u00f6\u00dften Naturschutzverb\u00e4nde. Wir k\u00fcmmern uns schwerpunktm\u00e4\u00dfig     um<\/p>\n<ul>\n<li>Klimaschutz und Energiepolitik (z. B. das geplante neue Kohlekraftwerk der Stadtwerke &#8211; in Kooperation mit <a href=\"http:\/\/wiki.fee-owl.de\">FEE-OWL<\/a>)<\/li>\n<li>Naturschutz (z. B. Baumschutz, Naturschutzgebiete, <a href=\"http:\/\/www.nationalpark-senne.de\">Nationalpark Senne<\/a>)<\/li>\n<li><a href=\"http:\/\/vorort.bund.net\/bielefeld\/projekte.html\">naturnahe G\u00e4rten<\/a><\/li>\n<li>Verkehrspolitik und Umwelt-Tourismus (z. B. Bau der A 33; <a href=\"http:\/\/www.teutoohneauto.de\">Teuto ohne Auto<\/a>)<\/li>\n<li>Fl\u00e4chenverbrauch (z. B. Bauprojekt Lange Lage)<\/li>\n<\/ul>\n<p>Der BUND informiert die \u00d6ffentlichkeit \u00fcber geplante Projekte oder Gesetze,     aber auch \u00fcber kleine, feine Projekte von Freunden der Erde.<\/p>\n<p>Der BUND untergliedert sich in Landesverb\u00e4nde. Bielefeld geh\u00f6rt zum <strong><a href=\"http:\/\/www.bund-nrw.de\/\" target=\"_blank\">BUND NRW e. V.<\/a><\/strong> , der in jedem Kreis     und jeder kreisfreien Stadt eine <strong>Kreisgruppe<\/strong> hat. Dort kooperieren interessierte     Umweltsch\u00fctzer mit lokalen B\u00fcrgerinitiativen, anderen Verb\u00e4nden, arbeiten in     politischen Gremien mit und sorgen f\u00fcr mehr <strong>Transparenz in Politik und Verwaltung<\/strong>.<\/p>\n<p>Die BUND-Kreisgruppe Bielefeld gibt es seit 1981.<br \/>\nSie trifft sich jeden ersten Donnerstag des Monats um 20 Uhr im Umweltzentrum Bielefeld, August-Bebel-Str. 16-18. Jede(r) Interessierte ist herzlich willkommen.<\/p>\n<p>Tel.:\u00a0 0521\/ 17 31 45<\/p>\n<p>Mail: service@bund-bielefeld.de<\/p>\n","protected":false},"excerpt":{"rendered":"<p>\u00a0 Wir sind der &#8222;Bund f\u00fcr Umwelt und Naturschutz Deutschland e. V.&#8220; (BUND) und mit ca. 395.000 Mitgliedern bundesweit einer der gr\u00f6\u00dften Naturschutzverb\u00e4nde. Wir k\u00fcmmern uns schwerpunktm\u00e4\u00dfig um Klimaschutz und Energiepolitik (z. B. das geplante neue Kohlekraftwerk der Stadtwerke &#8211; in Kooperation mit FEE-OWL) Naturschutz (z. B. Baumschutz, Naturschutzgebiete, Nationalpark Senne) naturnahe G\u00e4rten Verkehrspolitik und [&hellip;]<\/p>\n","protected":false},"author":1,"featured_media":0,"parent":15,"menu_order":0,"comment_status":"closed","ping_status":"closed","template":"","meta":[],"_links":{"self":[{"href":"https:\/\/www.bielefelder-baeume.de\/index.php?rest_route=\/wp\/v2\/pages\/2"}],"collection":[{"href":"https:\/\/www.bielefelder-baeume.de\/index.php?rest_route=\/wp\/v2\/pages"}],"about":[{"href":"https:\/\/www.bielefelder-baeume.de\/index.php?rest_route=\/wp\/v2\/types\/page"}],"author":[{"embeddable":true,"href":"https:\/\/www.bielefelder-baeume.de\/index.php?rest_route=\/wp\/v2\/users\/1"}],"replies":[{"embeddable":true,"href":"https:\/\/www.bielefelder-baeume.de\/index.php?rest_route=%2Fwp%2Fv2%2Fcomments&post=2"}],"version-history":[{"count":0,"href":"https:\/\/www.bielefelder-baeume.de\/index.php?rest_route=\/wp\/v2\/pages\/2\/revisions"}],"up":[{"embeddable":true,"href":"https:\/\/www.bielefelder-baeume.de\/index.php?rest_route=\/wp\/v2\/pages\/15"}],"wp:attachment":[{"href":"https:\/\/www.bielefelder-baeume.de\/index.php?rest_route=%2Fwp%2Fv2%2Fmedia&parent=2"}],"curies":[{"name":"wp","href":"https:\/\/api.w.org\/{rel}","templated":true}]}}

<p> <a href="http://www.bielefelder-baeume.de/wp-content/uploads/2011/10/logo-kurz.jpg" title="BUND-Logo"><img src="http://www.bielefelder-baeume.de/wp-content/uploads/2011/10/logo-kurz.jpg" alt="BUND-Logo" /></a></p>
<p>Wir sind der <strong>&#8222;Bund für Umwelt und Naturschutz Deutschland e. V.&#8220;<a href="http://www.bund.net/" target="_blank"> (BUND)</a></strong> und mit ca. 395.000 Mitgliedern     bundesweit einer der größten Naturschutzverbände. Wir kümmern uns schwerpunktmäßig     um</p>
<ul>
<li>Klimaschutz und Energiepolitik (z. B. das geplante neue Kohlekraftwerk der Stadtwerke &#8211; in Kooperation mit <a href="http://wiki.fee-owl.de">FEE-OWL</a>)</li>
<li>Naturschutz (z. B. Baumschutz, Naturschutzgebiete, <a href="http://www.nationalpark-senne.de">Nationalpark Senne</a>)</li>
<li><a href="http://vorort.bund.net/bielefeld/projekte.html">naturnahe Gärten</a></li>
<li>Verkehrspolitik und Umwelt-Tourismus (z. B. Bau der A 33; <a href="http://www.teutoohneauto.de">Teuto ohne Auto</a>)</li>
<li>Flächenverbrauch (z. B. Bauprojekt Lange Lage)</li>
</ul>
<p>Der BUND informiert die Öffentlichkeit über geplante Projekte oder Gesetze,     aber auch über kleine, feine Projekte von Freunden der Erde.</p>
<p>Der BUND untergliedert sich in Landesverbände. Bielefeld gehört zum <strong><a href="http://www.bund-nrw.de/" target="_blank">BUND NRW e. V.</a></strong> , der in jedem Kreis     und jeder kreisfreien Stadt eine <strong>Kreisgruppe</strong> hat. Dort kooperieren interessierte     Umweltschützer mit lokalen Bürgerinitiativen, anderen Verbänden, arbeiten in     politischen Gremien mit und sorgen für mehr <strong>Transparenz in Politik und Verwaltung</strong>.</p>
<p>Die BUND-Kreisgruppe Bielefeld gibt es seit 1981.<br />
Sie trifft sich jeden ersten Donnerstag des Monats um 20 Uhr im Umweltzentrum Bielefeld, August-Bebel-Str. 16-18. Jede(r) Interessierte ist herzlich willkommen.</p>
<p>Tel.:  0521/ 17 31 45</p>
<p>Mail: service@bund-bielefeld.de</p>

<p>  Wir sind der &#8222;Bund für Umwelt und Naturschutz Deutschland e. V.&#8220; (BUND) und mit ca. 395.000 Mitgliedern bundesweit einer der größten Naturschutzverbände. Wir kümmern uns schwerpunktmäßig um Klimaschutz und Energiepolitik (z. B. das geplante neue Kohlekraftwerk der Stadtwerke &#8211; in Kooperation mit FEE-OWL) Naturschutz (z. B. Baumschutz, Naturschutzgebiete, Nationalpark Senne) naturnahe Gärten Verkehrspolitik und [&hellip;]</p>
