{"id":9,"date":"2007-07-05T11:14:36","date_gmt":"2007-07-05T09:14:36","guid":{"rendered":"http:\/\/bielefelder-baeume.marcant.net\/?page_id=9"},"modified":"2010-09-15T19:00:30","modified_gmt":"2010-09-15T17:00:30","slug":"baum-melden","status":"publish","type":"page","link":"https:\/\/www.bielefelder-baeume.de\/?page_id=9","title":{"rendered":"Baum melden"},"content":{"rendered":"<p>Hier k\u00f6nnen Sie &#8222;Ihren&#8220; fotografierten Baum eintragen, damit er auf www.bielefelder-b\u00e4ume.de ver\u00f6ffentlicht wird.<em> <\/em><\/p>\n<p><em>Dieses Formular funktioniert nicht mit Version 6 oder fr\u00fcher des Internet Explorer. Bitte laden Sie ggf. den<a href=\"http:\/\/www.microsoft.com\/germany\/windows\/internet-explorer\/download-ie.aspx\" target=\"_blank\"> Internet Explorer 7<\/a> oder den <a href=\"http:\/\/www.microsoft.com\/germany\/windows\/internet-explorer\/\" target=\"_blank\">Internet Explorer 8 <\/a>herunter.<\/em><\/p>\n<p><em>Oder schicken Sie Ihre Fotos per E-Mail an <a href=\"mailto:jjk@korfftext.de?subject=Baum%20melden&amp;body=Standort:%0ABaumart:%0AFotodatum:%0AFotograf(in):\">jjk&lt;at&gt;korfftext.de<\/a>. Bitte benutzen Sie dabei die automatische Verkleinerungs-Option z. B. des Windows Explorer.<\/em><\/p>\n<p><strong>M\u00f6chten Sie ein Foto kommentieren?<\/strong><\/p>\n<p>Klicken Sie auf den Link &#8222;Kein Kommentar&#8220; (oder &#8222;1 Kommentar&#8220;) unter dem Baum-Portr\u00e4t. Dann \u00f6ffnet sich ein Feld f\u00fcr Ihren Kommentar. Der Kommentar wird im Laufe der n\u00e4chsten Tage von einem Moderator frei geschaltet &#8211; sofern er zum Thema geh\u00f6rt und die <a href=\"http:\/\/de.wikipedia.org\/wiki\/Netiquette\">Netiquette<\/a> einh\u00e4lt.<\/p>\n","protected":false},"excerpt":{"rendered":"<p>Hier k\u00f6nnen Sie &#8222;Ihren&#8220; fotografierten Baum eintragen, damit er auf www.bielefelder-b\u00e4ume.de ver\u00f6ffentlicht wird. Dieses Formular funktioniert nicht mit Version 6 oder fr\u00fcher des Internet Explorer. Bitte laden Sie ggf. den Internet Explorer 7 oder den Internet Explorer 8 herunter. Oder schicken Sie Ihre Fotos per E-Mail an jjk&lt;at&gt;korfftext.de. Bitte benutzen Sie dabei die automatische Verkleinerungs-Option [&hellip;]<\/p>\n","protected":false},"author":1,"featured_media":0,"parent":0,"menu_order":0,"comment_status":"closed","ping_status":"closed","template":"inform.php","meta":[],"_links":{"self":[{"href":"https:\/\/www.bielefelder-baeume.de\/index.php?rest_route=\/wp\/v2\/pages\/9"}],"collection":[{"href":"https:\/\/www.bielefelder-baeume.de\/index.php?rest_route=\/wp\/v2\/pages"}],"about":[{"href":"https:\/\/www.bielefelder-baeume.de\/index.php?rest_route=\/wp\/v2\/types\/page"}],"author":[{"embeddable":true,"href":"https:\/\/www.bielefelder-baeume.de\/index.php?rest_route=\/wp\/v2\/users\/1"}],"replies":[{"embeddable":true,"href":"https:\/\/www.bielefelder-baeume.de\/index.php?rest_route=%2Fwp%2Fv2%2Fcomments&post=9"}],"version-history":[{"count":0,"href":"https:\/\/www.bielefelder-baeume.de\/index.php?rest_route=\/wp\/v2\/pages\/9\/revisions"}],"wp:attachment":[{"href":"https:\/\/www.bielefelder-baeume.de\/index.php?rest_route=%2Fwp%2Fv2%2Fmedia&parent=9"}],"curies":[{"name":"wp","href":"https:\/\/api.w.org\/{rel}","templated":true}]}}

<p>Hier können Sie &#8222;Ihren&#8220; fotografierten Baum eintragen, damit er auf www.bielefelder-bäume.de veröffentlicht wird.<em> </em></p>
<p><em>Dieses Formular funktioniert nicht mit Version 6 oder früher des Internet Explorer. Bitte laden Sie ggf. den<a href="http://www.microsoft.com/germany/windows/internet-explorer/download-ie.aspx" target="_blank"> Internet Explorer 7</a> oder den <a href="http://www.microsoft.com/germany/windows/internet-explorer/" target="_blank">Internet Explorer 8 </a>herunter.</em></p>
<p><em>Oder schicken Sie Ihre Fotos per E-Mail an <a href="mailto:jjk@korfftext.de?subject=Baum%20melden&amp;body=Standort:%0ABaumart:%0AFotodatum:%0AFotograf(in):">jjk&lt;at&gt;korfftext.de</a>. Bitte benutzen Sie dabei die automatische Verkleinerungs-Option z. B. des Windows Explorer.</em></p>
<p><strong>Möchten Sie ein Foto kommentieren?</strong></p>
<p>Klicken Sie auf den Link &#8222;Kein Kommentar&#8220; (oder &#8222;1 Kommentar&#8220;) unter dem Baum-Porträt. Dann öffnet sich ein Feld für Ihren Kommentar. Der Kommentar wird im Laufe der nächsten Tage von einem Moderator frei geschaltet &#8211; sofern er zum Thema gehört und die <a href="http://de.wikipedia.org/wiki/Netiquette">Netiquette</a> einhält.</p>

<p>Hier können Sie &#8222;Ihren&#8220; fotografierten Baum eintragen, damit er auf www.bielefelder-bäume.de veröffentlicht wird. Dieses Formular funktioniert nicht mit Version 6 oder früher des Internet Explorer. Bitte laden Sie ggf. den Internet Explorer 7 oder den Internet Explorer 8 herunter. Oder schicken Sie Ihre Fotos per E-Mail an jjk&lt;at&gt;korfftext.de. Bitte benutzen Sie dabei die automatische Verkleinerungs-Option [&hellip;]</p>
